= 27*z - 10. Let f = -31 - -40. Let b be m(f). Let r = -123 + b. Calculate the greatest common divisor of r and 10.
10
Suppose 32*d = 28*d + 5*a + 180756, 0 = 4*d + 4*a - 180792. Calculate the highest common divisor of 118 and d.
118
Let k be (-3)/(-12) + (-100)/16. Let q be k*13*(-4)/6. Calculate the highest common factor of q and 13.
13
Let t = 91 - 86. Suppose -2*d + 114 = 5*r, 3*r - 52 = -5*d + t. What is the highest common factor of r and 56?
8
Let n(j) = j**2 - 207*j - 3008. Let g be n(-15). What is the highest common divisor of g and 7?
7
Suppose 0 = 4*a + 4*j + 116, -9*j + 59 = -3*a - 5*j. Let y = a + 33. Calculate the highest common divisor of y and 152.
8
Suppose 2*x = -z - 2*x - 24, 4*z = 4*x + 4. Let c(w) = 4*w**2 + 6*w - 26. Let u be c(z). What is the greatest common divisor of u and 14?
14
Let h be 486/1 - -1 - (-6)/(-2). Suppose 3*p + 280 = h. What is the highest common divisor of p and 238?
34
Suppose -4*p + 8 = -0. Suppose -3*w + 10 = 5*u - 8*w, 3*u - p*w = 6. What is the greatest common divisor of 3 and u?
1
Let f(v) = v**2 - 27*v + 28. Let u be f(26). Suppose -u*n + 18 = -0*n. Calculate the highest common divisor of 369 and n.
9
Let u(f) = 35*f - 1 - 19*f - 20*f - 3 + 5*f**2. Let d be u(2). Calculate the highest common factor of 26 and d.
2
Let r be 593/17 - (-20)/170. Suppose -4*x = r - 131. Let a be (-1)/1 + 14/2. What is the highest common divisor of a and x?
6
Suppose 5*r + 9 = -2*w + 30, -4*w + 21 = 3*r. Let c be (-2 + 1)*(0 - 5). Let i be (34 - (w - c))*5/3. What is the greatest common factor of i and 24?
12
Suppose 0 = -98*w + 23485 - 4865. Calculate the highest common factor of w and 30.
10
Suppose -56*c + 44*c + 4320 = 0. Calculate the highest common factor of c and 2000.
40
Let f be (720 - -1)*((-39)/3 - -14). What is the highest common factor of 103 and f?
103
Let q = 3067 + -2972. What is the highest common divisor of q and 2242?
19
Suppose -10*s + 16*s = -6708. Let a = 1693 + s. Calculate the greatest common factor of a and 23.
23
Let r be 336 - 0/(-4 + 8 + -5). Calculate the greatest common divisor of 72 and r.
24
Let k(r) = 0*r + 6*r - 2*r - 5*r**2 + 2 + 8*r**3 - 5*r. Let m be k(2). Calculate the greatest common factor of 11 and m.
11
Suppose 52 = 2*v - 16. Let g(t) = 39*t - 85. Let p be g(6). Let h = p - 98. Calculate the highest common divisor of v and h.
17
Suppose 10*i = 2*i - 3*i + 6820. What is the greatest common factor of i and 40?
20
Let h be (-4)/40*-3*200/48*12. Calculate the highest common factor of 95 and h.
5
Let h be 35*(-3 + 1 - -3). Suppose -4*q - 3*s = -15 - h, 0 = q - 4*s - 22. What is the greatest common factor of q and 14?
14
Suppose 803 = -4*r - 2*o + 14795, -16 = -4*o. What is the highest common factor of 19 and r?
19
Let k be 2304/126 - (-10)/14. Let v = -7 + 12. Suppose -l = -v*l + 684. Calculate the greatest common divisor of l and k.
19
Let g(h) = 2*h - 34. Suppose -4*a - 8*a + 228 = 0. Let d be g(a). Calculate the highest common factor of d and 60.
4
Let v(j) = 27*j**2 + 3*j + 192. Let o be v(8). What is the greatest common divisor of o and 8?
8
Let g(h) = -h**3 - 16*h**2 - 10*h - 676. Let r be g(-21). Calculate the highest common factor of r and 47.
47
Let y(n) = 23*n - 148. Let m(q) = -2*q + 1. Let t(p) = -6*m(p) - y(p). Let i be t(-6). What is the greatest common divisor of i and 26?
26
Let c = 55 + -32. Suppose -5*l + 157 = -c. Suppose 38 + 25 = 7*o. Calculate the greatest common factor of l and o.
9
Let h = 10921 + -10726. Calculate the greatest common factor of 104 and h.
13
Suppose -p - 1 = 2*l, p = 3*p + 5*l + 2. Let u(c) = -2*c - 2*c + 3*c - 2 + 0 + 15*c**2. Let h be u(p). Calculate the greatest common factor of 14 and h.
14
Let g(p) = p**3 + 3*p**2 - 4*p. Let d be g(0). Let t(h) = -h**2 - 21*h + 64. Let f be t(d). What is the highest common divisor of f and 64?
64
Suppose -3*g = -15, -3*u + 1 + 9 = 2*g. Suppose 6 + 6 = 4*l. Suppose 5*w - l*w - 1034 = u. What is the greatest common divisor of 47 and w?
47
Let m = -1530 + 2018. What is the highest common divisor of 183 and m?
61
Let v(i) = 12*i**2 + 53*i + 229. Let h be v(-5). What is the greatest common factor of h and 363?
33
Let t be (-35)/(-10) + (-3)/(-2 + 8). Suppose -z - p - t*p = -20, -118 = -5*z - 2*p. What is the greatest common factor of 152 and z?
8
Let q = 1537 + -1459. Calculate the highest common factor of q and 442.
26
Let p be (-4)/6 + (-254)/(-3). Let z = -1393 - -361. Let w be 5 - 8 - z/8. Calculate the highest common factor of p and w.
42
Let y(a) = 15*a**2 - 67*a - 21. Let x be y(6). Calculate the greatest common factor of 169 and x.
13
Let x(m) = m**3 + 6*m**2 - m + 21. Suppose 0 = -22*k - 30 - 102. Let i be x(k). Calculate the highest common factor of i and 54.
27
Let t be (-3012)/(-84) - (-1)/7. Let u(b) = -12*b + 15. Let v be u(12). Let i = v - -141. What is the highest common factor of i and t?
12
Let t(u) = u**3 + u**2 - 2*u + 26. Let h be t(0). Let o(y) = -118*y - 422. Let z be o(-6). Calculate the greatest common divisor of z and h.
26
Let k be ((-210)/8)/((-132)/176). What is the greatest common factor of 3745 and k?
35
Let m be (-2)/(2/1) + -5. Let x be (-52)/m - 3/(-9). Suppose -43 = -13*w - 4. Calculate the greatest common divisor of x and w.
3
Let f be (-13 - -5) + 386 - 0. Suppose x - 10 = 74. Calculate the highest common divisor of f and x.
42
Let k(c) = c**3 - 9*c**2 - c + 13. Let s be k(9). Suppose 5 = -3*q - 2*u + 28, 0 = s*q - 5*u - 46. What is the greatest common divisor of q and 261?
9
Let m(q) = 8*q**3 - 266*q**2 + 69*q - 60. Let x be m(33). What is the highest common divisor of 3497 and x?
13
Let n = 341 + -350. Let a(u) = -25*u - 165. Let z be a(n). What is the greatest common divisor of 260 and z?
20
Let c = 4197 + -4193. What is the greatest common divisor of c and 359?
1
Let o be 7854/147 - (-4)/7. Let m be (1 - -1)*243/o. Suppose -3*d = m, 3*k - 69 = -k - 5*d. What is the highest common divisor of 21 and k?
21
Let y = -12585 - -16750. What is the highest common divisor of 425 and y?
85
Let m = 96 + 24. Let n(w) = w**2 - 404*w - 6672. Let v be n(-16). What is the highest common divisor of m and v?
24
Let t = -64 - -68. Suppose 125 + 15 = t*s. What is the highest common divisor of 175 and s?
35
Let x = -2230 - -2352. What is the greatest common factor of 1525 and x?
61
Suppose 2 = -f, -4*v - 3*f = 600 + 290. Let k = v + 237. What is the highest common factor of k and 400?
16
Suppose 2*k - 343 = -s - 147, 2*k - 3*s - 196 = 0. Suppose -16*n = -k*n + 2460. Let l = -487 - -727. What is the highest common divisor of n and l?
30
Let w(u) = -u**3 + 6*u**2 - 34. Let k be w(-11). What is the highest common factor of 238 and k?
119
Let u(c) = -36*c - 614. Let o be u(-20). What is the greatest common divisor of o and 53?
53
Let u = 7026 - 4226. Calculate the highest common divisor of u and 40.
40
Suppose 0 = -5*z + 15, 5*z - 8 = -0*r + r. Let c(f) = -f**2 + 20*f - 73. Let p be c(r). Calculate the highest common divisor of 30 and p.
6
Let v(a) = 4*a**2 - 2*a + 24. Let y be v(4). Suppose 8*g - y = -40. What is the highest common divisor of 5 and g?
5
Let x be (12/9 + (-2)/3)*3. Suppose 4*q + 8 = 6*n - x*n, -4*n - 37 = 5*q. Let a = n + 40. What is the highest common divisor of a and 37?
37
Let c be (25/(-10))/(20/(-16)). Suppose -p = -c*p + 36. Suppose 3*d - 2*k = 8*d - 122, 2*d + 5*k = 53. What is the greatest common divisor of p and d?
12
Let c(q) = q**3 - 20*q**2 + 26*q + 4. Let o be c(19). Suppose 5*b = 0, -3*f + b + 2 = 269. Let i = f + o. Calculate the highest common factor of 6 and i.
6
Suppose 4*n + 5734 = b, 22754 = 3*b + 5*n + 5569. What is the greatest common factor of 12 and b?
6
Let c be 405/2 - (-4)/24*-27. What is the highest common divisor of c and 774?
18
Suppose 4*d - 8 = 4*g, 45*g = -4*d + 46*g + 5. Calculate the greatest common factor of d and 47.
1
Suppose g - 3*g = g. Suppose 3*k + g*k = -3054. Let h be k/(-8) - 9/(-12). What is the highest common divisor of 32 and h?
32
Let k(c) = -1130*c + 14852. Let z be k(13). Calculate the greatest common factor of 222 and z.
6
Suppose 5*b + 447 - 567 = 0. What is the highest common factor of b and 688?
8
Suppose 366 = 17*z + 128. Let t(x) = 3*x + 112. Let k be t(z). Calculate the greatest common divisor of 28 and k.
14
Suppose